he tens digit of 13 - (k/2 + -1)?
1
Let u be (-4 - (-4 - 1)) + 9. Let a = -5 + 7. Suppose -a*v + 5 = 3*x - u, 5*x + 3*v - 25 = 0. What is the units digit of x?
5
Let o(b) = b + 3. Let r be o(3). Let f be (30/(-12))/(1/r). Let m = f + 22. What is the units digit of m?
7
Let d = 60 - 39. Let t be (-4 + 3)/((-1)/d). Suppose 1 = -5*n + t. What is the units digit of n?
4
Suppose 3*y = 4*y - 10. Suppose 0 = -4*x + 6 + y. What is the units digit of (x + 8)*3/4?
9
Let b = -2 - -1. Let i be ((-25)/(-15))/(10/12). What is the units digit of b - -3 - (i - 14)?
4
Suppose -g + 4*g + 9 = 3*z, g = -2*z + 3. Suppose -z*a + a = -25. What is the units digit of a?
5
Let k be ((-24)/(-32))/(2/8). Suppose 0*b + 135 = k*b. What is the tens digit of b?
4
Suppose 2*k = 3*k - 32. What is the tens digit of k?
3
Let t(a) = 4*a**3 + 2*a**2 - 2*a - 2. Let x be t(2). Suppose 0 = -5*p + x + 6. What is the units digit of p?
8
Let u(j) = j**3 - 5*j**2 - j - 3. Let x be u(6). Let i = x - 17. What is the units digit of i?
0
Let w(l) = -2*l - 5. Let x be (-45)/4 + (-9)/(-36). What is the units digit of w(x)?
7
Let b = 193 + 99. What is the hundreds digit of b?
2
Let z(p) = 7*p**2 - 3*p + 2. Let d be z(-3). Let u = 53 - d. Let g = u - -29. What is the units digit of g?
8
Let r = -7 - -19. What is the tens digit of r?
1
Let u be (-2)/13 - (-112)/52. Suppose u*y = 7*y - 10. Suppose -y*d + 27 = -t, 0 = -2*d + 3*d + t - 9. What is the units digit of d?
2
Let d be ((-6)/10)/((-3)/15). Let q be 2 + 1/(d/(-3)). What is the units digit of -1 - (-3 - (0 + q))?
3
Let h(u) = u**2 - 3*u - 2. Let q be h(-2). Suppose 48 = q*j - 4*j. What is the units digit of j?
2
Suppose -67 = -3*a + 29. What is the tens digit of a?
3
Suppose 57 - 717 = -4*i. What is the tens digit of i?
6
Suppose -6*n - 42 = -9*n. What is the tens digit of n?
1
Let s(z) = -z**2 - 4*z - 2. Let b be s(-4). What is the tens digit of ((-4)/b + -3)*-26?
2
Suppose 4*s + 14 = 4*h - 38, 5*h + 4*s = 56. Suppose 4*g + h = -0*g. What is the tens digit of ((-7)/g - -1)*3?
1
Let d(g) = g**2 + 23*g - 96. What is the tens digit of d(-29)?
7
Let p(w) = 14*w + 84. What is the hundreds digit of p(23)?
4
Let v be 11*3*(-3)/(-9). Suppose -v = -f - 5*n + 2*n, 4*n - 13 = -f. What is the units digit of f?
5
Let a = -26 + 29. What is the units digit of a?
3
Let u = -154 - -402. What is the hundreds digit of u?
2
Let i be 6/4*(1 + -7). Let f = 14 + i. What is the units digit of f?
5
Let v(t) = -6*t**2 + t. Let s be v(1). Let q(u) = -u + 11. What is the units digit of q(s)?
6
Suppose -3*a + a = -14. What is the units digit of a?
7
Let q(r) = -r + 56. Let u be q(0). Suppose 4*b - 3 = 2*f + 69, 0 = -4*b - 2*f + u. What is the units digit of b?
6
Let n(h) = 2*h**2 - 7*h - 15. Let x be 4/18 + 35/45. Let v(a) = a**2 + a - 1. Let g(u) = x*n(u) - 3*v(u). What is the units digit of g(-8)?
4
Let j(p) = -p**2 - 3*p + 367. What is the tens digit of j(0)?
6
Let x(n) = -n - 1. Let h be x(-3). Suppose -h*u = -13 - 51. What is the units digit of u?
2
Suppose -2*j + 18 = 2*c, 2*c + 12 = 2*j + c. Let l = 61 + -33. Suppose 3*s = -j + l. What is the units digit of s?
7
What is the tens digit of 7/((-21)/6)*485/(-5)?
9
Let w be (-1)/4 - (-87)/12. Suppose 3*m + m - 12 = 0. What is the units digit of 2/(5 - m)*w?
7
What is the units digit of 238 - 4*(-3 - -4)?
4
Let m(i) be the second derivative of -i**3/6 - 2*i**2 + i. Let y be m(-4). What is the units digit of -1*(y - -1)*-3?
3
Suppose c = -3*g + 3, -48 = -5*c + 3*g + 39. What is the tens digit of c?
1
Let p be 4/1 - (2 + 0). Let d be (-5)/p*(-2)/(-1). Let y(b) = -b + 2. What is the units digit of y(d)?
7
What is the units digit of -73*(-3 - (-3 - -1))?
3
Let p = -426 - -799. What is the units digit of p?
3
Suppose -2*w = -5*w + 42. What is the tens digit of w?
1
Suppose -3*t - 4 = -t. Let v be (6 + -2)/(t/11). Let a = 31 + v. What is the units digit of a?
9
Suppose 2 = -2*t - i - 4, -t + 2 = 3*i. Let b = t + 3. What is the tens digit of 29/2 + b/2?
1
Let i(u) = -9*u + 3. Let c be i(-7). Suppose -c = -3*t - 3*b, 0*b = -2*t + 3*b + 34. Suppose -3*m - m = 2*p - t, -4*p - 10 = -2*m. What is the units digit of m?
5
Suppose 0*w - 2*w = -6. Let m = -10 + w. Let g = -6 - m. What is the units digit of g?
1
Let f(n) = 3*n + 5. Let u be f(-5). Let y = 23 + u. What is the units digit of y?
3
Suppose -3*x = -4*f + 55, 0 = f - 0*x - 3*x - 7. What is the tens digit of f?
1
What is the tens digit of 10/15*102/4?
1
Suppose 3*q = 4*q + 6. Let l = 7 + q. What is the units digit of l?
1
Let l(z) = -z**2 - z + 21. Let y be l(0). Let q = -42 - -36. Let u = q + y. What is the units digit of u?
5
Suppose 5*g + 17 = 7. Let d be (12/g*1)/(-2). What is the units digit of 5 + d + 1 + -2?
7
Let z = -2 - -6. Suppose -j = -z*p + 16, 4*p - j - 2*j - 16 = 0. Suppose m - 3*r + 2*r - 23 = 0, -p*r = 5*m - 79. What is the tens digit of m?
1
Suppose -2*w = 3*w - 20. Suppose -8 = -u + z, -3*z = -w*z. What is the units digit of u?
8
Let a(c) = -16*c**2 + 41*c + 5. Let i(v) = -3*v**2 + 8*v + 1. Let k(g) = -2*a(g) + 11*i(g). Suppose -4*p + p = -18. What is the units digit of k(p)?
1
Suppose 3*l - 567 = -6*l. What is the units digit of l?
3
Suppose 2*o + 10 = 0, 0 = -4*f - f + 3*o + 610. What is the hundreds digit of f?
1
Let o(t) = -3*t. Let g = 10 + -6. Suppose 0 = g*x + 18 - 2. What is the units digit of o(x)?
2
Suppose 1 = -4*d - 5*m, -3*d = -8*d - 5*m + 5. Suppose -p + 7*n - 3*n = d, -2*n = -2*p. Let x(r) = 4*r. What is the units digit of x(p)?
8
Let s(n) = -n**3 + 5*n**2 + n - 1. Suppose 2*p - 2 = 6. What is the units digit of s(p)?
9
Suppose -4*u = -50 + 18. Suppose -u = -5*i + 7. Let f = 4 + i. What is the units digit of f?
7
Suppose -156 = -5*d + 4*d. What is the tens digit of d?
5
Suppose -2*n + 68 = u - 22, 98 = u - 2*n. What is the tens digit of u?
9
Let i(j) = -3*j**2 + j + 2. Let q be i(2). Let y = 0 - q. What is the units digit of y?
8
Let c(h) be the second derivative of h**5/10 - h**4/3 + 2*h**3/3 - 6*h. What is the tens digit of c(3)?
3
Let z = 71 - 52. Let l be (11/2)/((-2)/4). Let b = z + l. What is the units digit of b?
8
Let b(c) = c**2 - 2. Let x be b(3). Let u be 16/2 - (-1)/(-1). Suppose -3*j = 2*l - 10, -3*l + u = 4*j - x. What is the units digit of l?
2
Suppose 5*v - 18 - 72 = 0. What is the tens digit of v?
1
Suppose -8 = 5*w - 6*w. Suppose 2*y = -3*u + 116, -36 = -u + 2*y - w. What is the units digit of (3/6)/(3/u)?
6
Suppose -3*l = l - 160. Suppose l = 2*b - 7*b. Let f(a) = a**3 + 8*a**2 - a - 5. What is the units digit of f(b)?
3
Let n(f) = -3*f + 13. Let w(h) = -h - 1. Let o(t) = n(t) - 2*w(t). What is the tens digit of o(4)?
1
Suppose 5*j - 65 = 5*p, -j + 3*p = -12 - 1. What is the units digit of j?
3
Let q = 847 + -447. What is the units digit of (-1)/(-3) - q/(-15)?
7
Suppose -h + 0*j = -2*j + 8, h - 5*j = -23. Suppose h*v - 8 = -0*v. Suppose -c + 4*m = -8, -v*c + m = -8*c + 32. What is the units digit of c?
8
Suppose -87 - 8 = -5*m. Let u be 1 + -1 - m*-6. What is the units digit of u/15 - 4/(-10)?
8
Let o(u) = -u + 19. Suppose 0 = 5*z + 156 - 26. Let s be z/(-3) + (-10)/15. What is the tens digit of o(s)?
1
Let g be 5*((-3)/1)/(-3). Let r(h) = -h - g*h**2 + h**3 - 4 - 2*h + h. What is the tens digit of r(6)?
2
Let h(d) = -d + 11. Let a be h(8). Suppose 9 = -p - 2*y + 24, p = -a*y + 18. What is the units digit of p?
9
Let q be (-9)/(-4) - (-2)/(-8). Suppose -2*n + 34 = q*a - 0*a, -3*n + 13 = a. What is the tens digit of a?
1
Let y = 2 + -7. Let h = 21 + y. What is the units digit of h?
6
Let q(j) = 2*j**2 - 2*j + 3. Let f(b) = 3*b - b - b + 0*b. Let t(n) = -3*f(n) + q(n). What is the tens digit of t(4)?
1
Suppose -d + 156 = 3*d. What is the tens digit of d?
3
Let n be (-2 - 4/(-8))*2. What is the tens digit of 15 - 2*(4 + n)?
1
Suppose 2*g + 5*g = 490. What is the units digit of g?
0
Let t be ((-25)/20)/(2/(-8)). Let f be (-2)/3*(-15)/t. Suppose c - f*c = -13. What is the tens digit of c?
1
Let z = -1 - -5. Suppose -z*d - 7 + 33 = 5*f, 16 = 2*f + 3*d. What is the units digit of f?
2
Suppose -5*r - 3*u + 7 = 0, 0*r = -r - 4*u - 2. Suppose -5*w = 3*o - 29, -r*w = o - 2*o + 28. What is the units digit of o?
8
Let w(y) be the first derivative of y + 1. Let u(r) = r + 1. Let j(l) = -5*u(l) + w(l). What is the units digit of j